{"id":236,"date":"2017-12-13T13:20:15","date_gmt":"2017-12-13T12:20:15","guid":{"rendered":"https:\/\/replaygames.es\/?page_id=236"},"modified":"2022-04-29T14:23:03","modified_gmt":"2022-04-29T12:23:03","slug":"quienes-somos","status":"publish","type":"page","link":"https:\/\/replaygames.es\/index.php\/quienes-somos\/","title":{"rendered":"\u00bfQui\u00e9nes somos?"},"content":{"rendered":"<p>[vc_row css_animation=\u00bbnone\u00bb][vc_column icons_position=\u00bbleft\u00bb][vc_empty_space hide_on_desktop=\u00bb\u00bb hide_on_notebook=\u00bb\u00bb hide_on_tablet=\u00bb\u00bb hide_on_mobile=\u00bb\u00bb][vc_single_image image=\u00bb1563&#8243; img_size=\u00bblarge\u00bb alignment=\u00bbcenter\u00bb css_animation=\u00bbbounceIn\u00bb][vc_empty_space hide_on_desktop=\u00bb\u00bb hide_on_notebook=\u00bb\u00bb hide_on_tablet=\u00bb\u00bb hide_on_mobile=\u00bb\u00bb][vc_empty_space hide_on_desktop=\u00bb\u00bb hide_on_notebook=\u00bb\u00bb hide_on_tablet=\u00bb\u00bb hide_on_mobile=\u00bb\u00bb][vc_column_text css_animation=\u00bbappear\u00bb]<\/p>\n<p style=\"text-align: center;\">Esto no se trata de qui\u00e9nes somos&#8230; sino de qui\u00e9nes sois vosotr@s. El nombre de REPLAY se crea, construye y origina a partir de cada uno de nuestros clientes, los cuales a pesar de su estilo de juego y \u00e9poca, todos tienen su propio sitio en esta tienda. Nuestra historia comienza muy seguramente como la vuestra, jugando. Tras muchos a\u00f1os trabajando en tiendas de videojuegos y concienci\u00e1ndonos de que no es f\u00e1cil conseguir material retro s\u00f3lo tuvimos una opci\u00f3n, ceder nuestra colecci\u00f3n. \u00a1As\u00ed empez\u00f3 todo! Con pocos medios pero con una gran ilusi\u00f3n, llegamos a este punto gracias a vosotr@s. \u00a1Y ya son m\u00e1s de 5 a\u00f1os! \u00a1Y lo que nos queda!<\/p>\n<p style=\"text-align: center;\">Videojuegos retro y actuales, cine, vinilos, telefon\u00eda, merchandising&#8230; \u00a1Todo reunido en REPLAY con el objetivo de llegar a todos los coleccionistas y jugadores que desean encontrar un sitio de reuni\u00f3n y una tienda cercana a sus intereses! Nuestra forma de ver el negocio es valorar cada uno de vuestros productos con el mayor rigor posible, porque sabemos mejor que nadie lo mucho que vale. Queremos\u00a0convertirnos en tu punto de referencia RETRO en Vigo, y si nos permites, de toda Espa\u00f1a.<\/p>\n<p style=\"text-align: center;\">\u00bfTe atreves a formar parte de esto?<em> \u00a1Vis\u00edtanos y con\u00f3cenos a\u00fan m\u00e1s!<\/em><\/p>\n<p style=\"text-align: center;\"><a href=\"https:\/\/replaygames.es\/\"><img decoding=\"async\" class=\"aligncenter\" src=\"https:\/\/i.ibb.co\/wskZhTg\/pie-de-pagina.png\" alt=\"pie-de-pagina\" border=\"0\" \/><\/a><\/p>\n<p>[\/vc_column_text][vc_separator css_animation=\u00bbfadeIn\u00bb][vc_video link=\u00bbhttps:\/\/www.youtube.com\/watch?v=lIb4Wx-XKeg\u00bb align=\u00bbcenter\u00bb css_animation=\u00bbfadeIn\u00bb][vc_empty_space hide_on_desktop=\u00bb\u00bb hide_on_notebook=\u00bb\u00bb hide_on_tablet=\u00bb\u00bb hide_on_mobile=\u00bb\u00bb][vc_empty_space hide_on_desktop=\u00bb\u00bb hide_on_notebook=\u00bb\u00bb hide_on_tablet=\u00bb\u00bb hide_on_mobile=\u00bb\u00bb][vc_video link=\u00bbhttps:\/\/www.youtube.com\/watch?v=JingDbQg6Js\u00bb align=\u00bbcenter\u00bb css_animation=\u00bbfadeIn\u00bb][vc_separator css_animation=\u00bbfadeIn\u00bb]<div id=\"sc_title_1999484985\"\n\t\tclass=\"sc_title color_style_default sc_title_modern\"><h1 class=\"sc_item_title sc_title_title sc_align_center sc_item_title_style_modern sc_item_title_tag\">\u00a1NUEVA DIRECCI\u00d3N!<\/h1><div class=\"sc_item_descr sc_title_descr sc_align_center\"><p>c\/ Mar\u00eda Berdiales, 18, (36203). Vigo, Pontevedra.<\/p>\n<\/div><\/div><!-- \/.sc_title -->[\/vc_column][\/vc_row][vc_row][vc_column icons_position=\u00bbleft\u00bb][vc_gmaps link=\u00bb#E-8_JTNDaWZyYW1lJTIwc3JjJTNEJTIyaHR0cHMlM0ElMkYlMkZ3d3cuZ29vZ2xlLmNvbSUyRm1hcHMlMkZlbWJlZCUzRnBiJTNEJTIxMW0xOCUyMTFtMTIlMjExbTMlMjExZDI5NTQuMDUyMDc3ODU2MjQ3JTIxMmQtOC43MjE4OTQ3ODQ1NDc2NTglMjEzZDQyLjIzNDcwMDM3OTE5NTQ0JTIxMm0zJTIxMWYwJTIxMmYwJTIxM2YwJTIxM20yJTIxMWkxMDI0JTIxMmk3NjglMjE0ZjEzLjElMjEzbTMlMjExbTIlMjExczB4ZDJmNjI2OTM3NDNjOTE1JTI1M0EweGJkODM5NzMxNGU5YTI4MjQlMjEyc1JlcGxheSUyMTVlMCUyMTNtMiUyMTFzZXMlMjEyc2VzJTIxNHYxNjUwMTQ5NzE4MDU2JTIxNW0yJTIxMXNlcyUyMTJzZXMlMjIlMjB3aWR0aCUzRCUyMjE1MCUyMiUyMGhlaWdodCUzRCUyMjUwJTIyJTIwc3R5bGUlM0QlMjJib3JkZXIlM0EwJTNCJTIyJTIwYWxsb3dmdWxsc2NyZWVuJTNEJTIyJTIyJTIwbG9hZGluZyUzRCUyMmxhenklMjIlMjByZWZlcnJlcnBvbGljeSUzRCUyMm5vLXJlZmVycmVyLXdoZW4tZG93bmdyYWRlJTIyJTNFJTNDJTJGaWZyYW1lJTNF\u00bb][\/vc_column][\/vc_row][vc_row][vc_column icons_position=\u00bbleft\u00bb][vc_empty_space hide_on_desktop=\u00bb\u00bb hide_on_notebook=\u00bb\u00bb hide_on_tablet=\u00bb\u00bb hide_on_mobile=\u00bb\u00bb][\/vc_column][\/vc_row][vc_row][vc_column icons_position=\u00bbleft\u00bb][vc_single_image image=\u00bb1271&#8243; img_size=\u00bb50&#215;50&#8243; add_caption=\u00bbyes\u00bb alignment=\u00bbcenter\u00bb style=\u00bbvc_box_outline_circle_2&#8243; border_color=\u00bborange\u00bb onclick=\u00bbcustom_link\u00bb img_link_target=\u00bb_blank\u00bb css_animation=\u00bbfadeIn\u00bb link=\u00bbhttps:\/\/www.instagram.com\/replayvigo\/\u00bb][\/vc_column][\/vc_row]<\/p>\n","protected":false},"excerpt":{"rendered":"<p>[vc_row css_animation=\u00bbnone\u00bb][vc_column icons_position=\u00bbleft\u00bb][vc_empty_space hide_on_desktop=\u00bb\u00bb hide_on_notebook=\u00bb\u00bb hide_on_tablet=\u00bb\u00bb hide_on_mobile=\u00bb\u00bb][vc_single_image image=\u00bb1563&#8243; img_size=\u00bblarge\u00bb alignment=\u00bbcenter\u00bb css_animation=\u00bbbounceIn\u00bb][vc_empty_space hide_on_desktop=\u00bb\u00bb hide_on_notebook=\u00bb\u00bb hide_on_tablet=\u00bb\u00bb hide_on_mobile=\u00bb\u00bb][vc_empty_space hide_on_desktop=\u00bb\u00bb hide_on_notebook=\u00bb\u00bb hide_on_tablet=\u00bb\u00bb hide_on_mobile=\u00bb\u00bb][vc_column_text css_animation=\u00bbappear\u00bb] Esto no se trata de qui\u00e9nes somos&#8230; sino de qui\u00e9nes sois vosotr@s. El nombre de REPLAY se crea, construye y origina a partir de cada uno de nuestros clientes, los cuales a pesar de su estilo de juego y \u00e9poca,&hellip;<\/p>\n","protected":false},"author":1,"featured_media":0,"parent":0,"menu_order":0,"comment_status":"closed","ping_status":"closed","template":"","meta":{"footnotes":""},"class_list":["post-236","page","type-page","status-publish","hentry"],"_links":{"self":[{"href":"https:\/\/replaygames.es\/index.php\/wp-json\/wp\/v2\/pages\/236","targetHints":{"allow":["GET"]}}],"collection":[{"href":"https:\/\/replaygames.es\/index.php\/wp-json\/wp\/v2\/pages"}],"about":[{"href":"https:\/\/replaygames.es\/index.php\/wp-json\/wp\/v2\/types\/page"}],"author":[{"embeddable":true,"href":"https:\/\/replaygames.es\/index.php\/wp-json\/wp\/v2\/users\/1"}],"replies":[{"embeddable":true,"href":"https:\/\/replaygames.es\/index.php\/wp-json\/wp\/v2\/comments?post=236"}],"version-history":[{"count":34,"href":"https:\/\/replaygames.es\/index.php\/wp-json\/wp\/v2\/pages\/236\/revisions"}],"predecessor-version":[{"id":5999,"href":"https:\/\/replaygames.es\/index.php\/wp-json\/wp\/v2\/pages\/236\/revisions\/5999"}],"wp:attachment":[{"href":"https:\/\/replaygames.es\/index.php\/wp-json\/wp\/v2\/media?parent=236"}],"curies":[{"name":"wp","href":"https:\/\/api.w.org\/{rel}","templated":true}]}}